ert -10 (base 2) to base 3.
-2
What is -8 (base 11) in base 3?
-22
-145 (base 7) to base 11
-75
2 (base 6) to base 13
2
Convert -22 (base 12) to base 15.
-1b
-1 (base 8) to base 4
-1
Convert -28 (base 16) to base 9.
-44
-25 (base 16) to base 6
-101
What is 52 (base 10) in base 6?
124
What is 20 (base 8) in base 6?
24
Convert -40 (base 14) to base 9.
-62
What is -3 (base 8) in base 3?
-10
Convert -3 (base 14) to base 10.
-3
-2 (base 9) to base 5
-2
-3 (base 12) to base 4
-3
Convert 30 (base 8) to base 3.
220
What is -d (base 16) in base 13?
-10
Convert 35 (base 9) to base 12.
28
Convert -42 (base 6) to base 13.
-20
Convert -2 (base 12) to base 11.
-2
-15 (base 15) to base 3
-202
What is -40 (base 13) in base 9?
-57
11 (base 3) to base 5
4
7a (base 15) to base 5
430
-33 (base 4) to base 2
-1111
8 (base 9) to base 6
12
What is -1001 (base 2) in base 9?
-10
What is 43 (base 9) in base 11?
36
Convert -2 (base 5) to base 16.
-2
3 (base 8) to base 4
3
What is -70 (base 11) in base 14?
-57
-3 (base 11) to base 8
-3
2 (base 15) to base 12
2
What is -5 (base 10) in base 3?
-12
Convert -340 (base 5) to base 3.
-10112
Convert 122 (base 4) to base 14.
1c
-25 (base 14) to base 7
-45
What is -62 (base 13) in base 5?
-310
1 (base 15) to base 7
1
What is 1111 (base 2) in base 4?
33
What is 10 (base 5) in base 15?
5
Convert -370 (base 8) to base 3.
-100012
What is 0 (base 2) in base 12?
0
Convert 26 (base 7) to base 11.
19
Convert 11 (base 3) to base 15.
4
What is -10 (base 3) in base 15?
-3
What is -1 (base 8) in base 9?
-1
What is 11 (base 15) in base 14?
12
122 (base 5) to base 4
211
Convert -1 (base 16) to base 10.
-1
Convert 1000000 (base 2) to base 8.
100
Convert -34 (base 8) to base 11.
-26
-5 (base 7) to base 8
-5
Convert 4 (base 11) to base 13.
4
1 (base 10) to base 15
1
Convert 3 (base 9) to base 8.
3
What is -3 (base 9) in base 7?
-3
What is -423 (base 5) in base 4?
-1301
What is -a9 (base 12) in base 3?
-11210
What is -78 (base 11) in base 14?
-61
-331 (base 4) to base 8
-75
0 (base 4) to base 5
0
What is -13 (base 4) in base 9?
-7
What is -5 (base 11) in base 14?
-5
What is 3 (base 11) in base 15?
3
0 (base 8) to base 12
0
Convert 1 (base 10) to base 15.
1
What is 8 (base 14) in base 4?
20
What is 402 (base 7) in base 15?
d3
Convert -1101 (base 5) to base 11.
-128
Convert -59 (base 14) to base 15.
-54
4 (base 16) to base 6
4
-1c (base 13) to base 8
-31
-5 (base 13) to base 4
-11
What is 3 (base 7) in base 2?
11
6 (base 7) to base 5
11
Convert 550 (base 7) to base 5.
2110
Convert -3 (base 12) to base 7.
-3
What is a4 (base 11) in base 14?
82
Convert 11011 (base 4) to base 12.
231
3 (base 11) to base 9
3
What is -11 (base 11) in base 2?
-1100
2100 (base 3) to base 8
77
Convert -102 (base 8) to base 2.
-1000010
-74 (base 10) to base 12
-62
What is 6 (base 8) in base 10?
6
-10 (base 4) to base 16
-4
Convert 4b (base 13) to base 12.
53
What is -103 (base 4) in base 10?
-19
2 (base 6) to base 14
2
What is 3 (base 11) in base 8?
3
Convert -a0 (base 11) to base 3.
-11002
What is 5 (base 7) in base 13?
5
Convert -f4 (base 16) to base 2.
-11110100
3 (base 7) to base 9
3
What is 11 (base 13) in base 7?
20
Convert 1f (base 16) to base 6.
51
What is -34 (base 14) in base 11?
-42
Convert 1000110 (base 2) to base 8.
106
Convert 4 (base 10) to base 7.
4
What is 38 (base 11) in base 15?
2b
What is 128 (base 9) in base 4?
1223
What is a1 (base 13) in base 6?
335
Convert 5 (base 10) to base 13.
5
-1d (base 16) to base 5
-104
Convert -3a (base 15) to base 3.
-2001
110 (base 4) to base 12
18
Convert 41 (base 7) to base 5.
104
12 (base 13) to base 5
30
Convert -9 (base 15) to base 12.
-9
Convert 50 (base 11) to base 5.
210
Convert 10 (base 6) to base 11.
6
Convert 1100 (base 2) to base 6.
20
Convert -5 (base 11) to base 6.
-5
Convert 3 (base 14) to base 11.
3
Convert -5a (base 12) to base 14.
-50
29 (base 12) to base 4
201
111100 (base 2) to base 12
50
Convert -5 (base 13) to base 7.
-5
7 (base 9) to base 16
7
-5 (base 7) to base 4
-11
Convert -1101 (base 2) to base 13.
-10
What is -12 (base 15) in base 8?
-21
What is -4 (base 15) in base 5?
-4
112 (base 3) to base 13
11
What is 3 (base 10) in base 9?
3
What is -168 (base 9) in base 11?
-120
10 (base 7) to base 9
7
-2 (base 5) to base 14
-2
-33 (base 4) to base 14
-11
What is -10 (base 4) in base 13?
-4
What is 6 (base 11) in base 7?
6
What is -10 (base 11) in base 2?
-1011
What is 40 (base 5) in base 16?
14
What is -10010100 (base 2) in base 14?
-a8
Convert -69 (base 14) to base 9.
-113
78 (base 12) to base 2
1011100
-6 (base 15) to base 6
-10
94 (base 10) to base 7
163
What is 2 (base 9) in base 12?
2
Convert 12 (base 9) to base 2.
1011
What is 6 (base 7) in base 8?
6
What is 1 (base 13) in base 12?
1
What is -1 (base 5) in base 12?
-1
What is -10 (base 9) in base 16?
-9
What is 42 (base 14) in base 15?
3d
What is a (base 12) in base 4?
22
2 (base 10) to base 2
10
What is 17 (base 9) in base 16?
10
8 (base 13) to base 2
1000
-27 (base 10) to base 13
-21
What is -13 (base 12) in base 6?
-23
1 (base 3) to base 10
1
Convert -10001 (base 2) to base 3.
-122
-15 (base 8) to base 5
-23
What is 10 (base 16) in base 13?
13
Convert -3 (base 11) to base 8.
-3
Convert 17 (base 12) to base 3.
201
What is 230 (base 9) in base 8?
275
What is -3 (base 8) in base 10?
-3
Convert 5 (base 16) to base 15.
5
What is -1110 (base 2) in base 10?
-14
-b (base 16) to base 10
-11
What is 444 (base 8) in base 2?
100100100
12 (base 7) to base 2
1001
What is -2233 (base 4) in base 3?
-20111
Convert -503 (base 7) to base 8.
-370
-303 (base 4) to base 11
-47
100111100 (base 2) to base 14
188
8 (base 14) to base 12
8
90 (base 16) to base 11
121
Convert 3 (base 14) to base 11.
3
Convert 613 (base 7) to base 16.
130
21 (base 3) to base 7
10
-2 (base 3) to base 9
-2
-3 (base 7) to base 2
-11
Convert 10 (base 2) to base 10.
2
Convert -1010 (base 2) to base 13.
-a
-4 (base 9) to base 12
-4
Convert 100 (base 7) to base 2.
110001
-20 (base 9) to base 11
-17
What is 2 (base 11) in base 6?
2
6 (base 16) to base 10
6
Convert 0 (base 2) to base 16.
0
Convert 8 (base 13) to base 2.
1000
-19 (base 16) to base 11
-23
0 (base 10) to base 4
0
Convert -1 (base 2) to base 7.
-1
-81 (base 16) to base 7
-243
Convert -90 (base 12) to base 10.
-108
What is -10 (base 4) in base 7?
-4
What is 2 (base 11) in base 4?
2
Convert 11 (base 10) to base 15.
b
Convert -1011 (base 2) to base 14.
-b
What is 77 (base 12) in base 6?
231
-1 (base 10) to base 13
-1
Convert 12 (base 7) to base 16.
9
33 (base 4) to base 6
23
What is -424 (base 6) in base 11?
-136
-2 (base 11) to base 10
-2
What is -11 (base 3) in base 13?
-4
-2 (base 6) to base 3
-2
Convert 5 (base 10) to base 11.
5
-3 (base 12) to base 5
-3
What is -1c (base 13) in base 10?
-25
-10001 (base 2) to base 7
-23
10 (base 2) to base 15
2
What is -22 (base 14) in base 11?
-28
What is -1 (base 6) in base 11?
-1
-105 (base 7) to base 8
-66
Convert a9 (base 14) to base 6.
405
Convert -9 (base 12) to base 2.
-1001
0 (base 12) to base 11
0
Convert -2 (base 4) to base 10.
-2
What is a (base 11) in base 4?
22
Convert 5 (base 16) to base 14.
5
What is 42 (base 7) in base 8?
36
2 (base 4) to base 15
2
Convert 21110 (base 3) to base 9.
243
Convert -11 (base 12) to base 4.
-31
Convert -1100111 (base 2) to base 5.
-403
-15 (base 8) to base 12
-11
-40 (base 10) to base 12
-34
What is -110 (base 4) in base 15?
-15
-4 (base 13) to base 11
-4
Convert -11 (base 6) to base 9.
-7
What is 4 (base 12) in base 2?
100
Convert -3 (base 13) to base 10.
-3
Convert -142 (base 11) to base 16.
-a7
Convert 1 (base 3) to base 8.
1
What is -18 (base 14) in base 12?
-1a
What is 11 (base 6) in base 12?
7
Convert -3 (base 13) to base 9.
-3
Convert 0 (base 6) to base 15.
0
Convert -1 (base 9) to base 12.
-1
Convert -20 (base 16) to base 6.
-52
Convert 54 (base 8) to base 7.
62
Convert 3c (base 14) to base 12.
46
What is -b9 (base 12) in base 8?
-215
Convert 124 (base 11) to base 9.
173
1 (base 4) to base 13
1
33 (base 7) to base 4
120
What is 2010 (base 3) in base 4?
321
Convert -111 (base 3) to base 13.
-10
c (base 14) to base 5
22
What is -4 (base 13) in base 16?
-4
-2 (base 3) to base 15
-2
Convert -1 (base 9) to base 4.
-1
Convert 86 (base 9) to base 10.
78